{"id":31,"date":"2023-12-15T20:25:17","date_gmt":"2023-12-15T19:25:17","guid":{"rendered":"https:\/\/tavedesarrollos.com\/?page_id=31"},"modified":"2024-05-02T21:17:13","modified_gmt":"2024-05-02T19:17:13","slug":"inicio","status":"publish","type":"page","link":"https:\/\/tavedesarrollos.com\/","title":{"rendered":"Inicio"},"content":{"rendered":"<style>\/*! elementor - v3.18.0 - 08-12-2023 *\/\n.elementor-heading-title{padding:0;margin:0;line-height:1}.elementor-widget-heading .elementor-heading-title[class*=elementor-size-]>a{color:inherit;font-size:inherit;line-height:inherit}.elementor-widget-heading .elementor-heading-title.elementor-size-small{font-size:15px}.elementor-widget-heading .elementor-heading-title.elementor-size-medium{font-size:19px}.elementor-widget-heading .elementor-heading-title.elementor-size-large{font-size:29px}.elementor-widget-heading .elementor-heading-title.elementor-size-xl{font-size:39px}.elementor-widget-heading .elementor-heading-title.elementor-size-xxl{font-size:59px}<\/style>\n<h1>Visi\u00f3n y Valor en Cada Metro Cuadrado<\/h1>\n<p>Conoce nuestros proyectos inmobiliarios cuidadosamente seleccionados que ofrecen no solo rendimiento financiero, sino tambi\u00e9n una conexi\u00f3n \u00fanica con la historia y la belleza natural de Yucat\u00e1n.<\/p>\n<p>\t\t\t<a href=\"#nosotros\"><br \/>\n\t\t\t\t\t\tConoce Tave<br \/>\n\t\t\t\t\t<\/a><\/p>\n<style>\/*! elementor - v3.18.0 - 08-12-2023 *\/\n.elementor-column .elementor-spacer-inner{height:var(--spacer-size)}.e-con{--container-widget-width:100%}.e-con-inner>.elementor-widget-spacer,.e-con>.elementor-widget-spacer{width:var(--container-widget-width,var(--spacer-size));--align-self:var(--container-widget-align-self,initial);--flex-shrink:0}.e-con-inner>.elementor-widget-spacer>.elementor-widget-container,.e-con>.elementor-widget-spacer>.elementor-widget-container{height:100%;width:100%}.e-con-inner>.elementor-widget-spacer>.elementor-widget-container>.elementor-spacer,.e-con>.elementor-widget-spacer>.elementor-widget-container>.elementor-spacer{height:100%}.e-con-inner>.elementor-widget-spacer>.elementor-widget-container>.elementor-spacer>.elementor-spacer-inner,.e-con>.elementor-widget-spacer>.elementor-widget-container>.elementor-spacer>.elementor-spacer-inner{height:var(--container-widget-height,var(--spacer-size))}.e-con-inner>.elementor-widget-spacer.elementor-widget-empty,.e-con>.elementor-widget-spacer.elementor-widget-empty{position:relative;min-height:22px;min-width:22px}.e-con-inner>.elementor-widget-spacer.elementor-widget-empty .elementor-widget-empty-icon,.e-con>.elementor-widget-spacer.elementor-widget-empty .elementor-widget-empty-icon{position:absolute;top:0;bottom:0;left:0;right:0;margin:auto;padding:0;width:22px;height:22px}<\/style>\n<style>\/*! elementor - v3.18.0 - 08-12-2023 *\/\n.elementor-widget-image{text-align:center}.elementor-widget-image a{display:inline-block}.elementor-widget-image a img[src$=\".svg\"]{width:48px}.elementor-widget-image img{vertical-align:middle;display:inline-block}<\/style>\n<p>\t\t\t\t\t\t\t\t\t\t\t\t<img loading=\"lazy\" decoding=\"async\" width=\"1126\" height=\"1353\" src=\"https:\/\/tavedesarrollos.com\/wp-content\/uploads\/2023\/12\/terrenosenyucatan.webp\" alt=\"\" srcset=\"https:\/\/tavedesarrollos.com\/wp-content\/uploads\/2023\/12\/terrenosenyucatan.webp 1126w, https:\/\/tavedesarrollos.com\/wp-content\/uploads\/2023\/12\/terrenosenyucatan-250x300.webp 250w, https:\/\/tavedesarrollos.com\/wp-content\/uploads\/2023\/12\/terrenosenyucatan-852x1024.webp 852w, https:\/\/tavedesarrollos.com\/wp-content\/uploads\/2023\/12\/terrenosenyucatan-768x923.webp 768w\" sizes=\"auto, (max-width: 1126px) 100vw, 1126px\" \/>\t\t\t\t\t\t\t\t\t\t\t\t\t\t\t<\/p>\n<h5>ACERCA DE NOSOTROS<\/h5>\n<h2>CONOCE M\u00c1S DE TAVE DESARROLLOS<\/h2>\n<p>Descubre el potencial ilimitado de tus inversiones en el coraz\u00f3n de Yucat\u00e1n con Tave Desarrollos. Nuestra marca es sin\u00f3nimo de oportunidades estrat\u00e9gicas en bienes ra\u00edces, donde la riqueza cultural se encuentra con el crecimiento econ\u00f3mico.<\/p>\n<p>Tave Desarrollos, estamos comprometidos con tu \u00e9xito financiero, gui\u00e1ndote hacia inversiones que trascienden el tiempo. \u00a1Tu futuro prospera aqu\u00ed, en el alma de Yucat\u00e1n!<\/p>\n<p>\t\t\t<a href=\"#\"><br \/>\n\t\t\t\t\t\tVer m\u00e1s<br \/>\n\t\t\t\t\t<\/a><\/p>\n<h5>CONOCE NUESTROS PROYECTOS DISPONIBLES<\/h5>\n<h2>EN LA ZONA DE MAYOR PLUSVAL\u00cdA DE YUCAT\u00c1N<\/h2>\n<p>\t\t\t\t\t\t\t\t\t\t\t\t\t\t\t<img loading=\"lazy\" decoding=\"async\" width=\"800\" height=\"782\" src=\"https:\/\/tavedesarrollos.com\/wp-content\/uploads\/2023\/12\/Talia.webp\" alt=\"\" srcset=\"https:\/\/tavedesarrollos.com\/wp-content\/uploads\/2023\/12\/Talia.webp 926w, https:\/\/tavedesarrollos.com\/wp-content\/uploads\/2023\/12\/Talia-300x293.webp 300w, https:\/\/tavedesarrollos.com\/wp-content\/uploads\/2023\/12\/Talia-768x751.webp 768w\" sizes=\"auto, (max-width: 800px) 100vw, 800px\" \/><br \/>\n\t\t\t\t\t\t\t\t\t\t\t\t\t\t\t<img loading=\"lazy\" decoding=\"async\" width=\"800\" height=\"782\" src=\"https:\/\/tavedesarrollos.com\/wp-content\/uploads\/2023\/12\/Via-eden-copia-2.webp\" alt=\"\" srcset=\"https:\/\/tavedesarrollos.com\/wp-content\/uploads\/2023\/12\/Via-eden-copia-2.webp 926w, https:\/\/tavedesarrollos.com\/wp-content\/uploads\/2023\/12\/Via-eden-copia-2-300x293.webp 300w, https:\/\/tavedesarrollos.com\/wp-content\/uploads\/2023\/12\/Via-eden-copia-2-768x751.webp 768w\" sizes=\"auto, (max-width: 800px) 100vw, 800px\" \/><br \/>\n\t\t\t\t\t\t\t\t\t\t\t\t\t\t\t<img loading=\"lazy\" decoding=\"async\" width=\"2305\" height=\"1537\" src=\"https:\/\/tavedesarrollos.com\/wp-content\/uploads\/2023\/12\/taliaterrenos.webp\" alt=\"\" srcset=\"https:\/\/tavedesarrollos.com\/wp-content\/uploads\/2023\/12\/taliaterrenos.webp 2305w, https:\/\/tavedesarrollos.com\/wp-content\/uploads\/2023\/12\/taliaterrenos-300x200.webp 300w, https:\/\/tavedesarrollos.com\/wp-content\/uploads\/2023\/12\/taliaterrenos-1024x683.webp 1024w, https:\/\/tavedesarrollos.com\/wp-content\/uploads\/2023\/12\/taliaterrenos-768x512.webp 768w, https:\/\/tavedesarrollos.com\/wp-content\/uploads\/2023\/12\/taliaterrenos-1536x1024.webp 1536w, https:\/\/tavedesarrollos.com\/wp-content\/uploads\/2023\/12\/taliaterrenos-2048x1366.webp 2048w\" sizes=\"auto, (max-width: 2305px) 100vw, 2305px\" \/><br \/>\n\t\t\t<a href=\"https:\/\/vimeo.com\/897925947\"><br \/>\n\t\t\t<svg aria-hidden=\"true\" viewBox=\"0 0 512 512\" xmlns=\"http:\/\/www.w3.org\/2000\/svg\"><path d=\"M256 8C119 8 8 119 8 256s111 248 248 248 248-111 248-248S393 8 256 8zm115.7 272l-176 101c-15.8 8.8-35.7-2.5-35.7-21V152c0-18.4 19.8-29.8 35.7-21l176 107c16.4 9.2 16.4 32.9 0 42z\"><\/path><\/svg>\t\t\t<\/a><\/p>\n<h2>\u00bfEST\u00c1S INTERESADO EN ALGUNO DE NUESTROS PROYECTOS?<\/h2>\n<p>Nuestro equipo de expertos est\u00e1 aqu\u00ed para brindarte la mejor atenci\u00f3n y orientaci\u00f3n personalizada que te permita tomar las mejores decisiones para tu proyecto inmobiliario.<\/p>\n<p>\t\t\t<a href=\"#form\"><br \/>\n\t\t\t\t\t\tCotizar<br \/>\n\t\t\t\t\t<\/a><\/p>\n<h2>proyectos vendidos<\/h2>\n<style>\/*! elementor - v3.18.0 - 08-12-2023 *\/\n.elementor-widget-image-carousel .swiper,.elementor-widget-image-carousel .swiper-container{position:static}.elementor-widget-image-carousel .swiper-container .swiper-slide figure,.elementor-widget-image-carousel .swiper .swiper-slide figure{line-height:inherit}.elementor-widget-image-carousel .swiper-slide{text-align:center}.elementor-image-carousel-wrapper:not(.swiper-container-initialized):not(.swiper-initialized) .swiper-slide{max-width:calc(100% \/ var(--e-image-carousel-slides-to-show, 3))}<\/style>\n<figure><img decoding=\"async\" src=\"https:\/\/tavedesarrollos.com\/wp-content\/uploads\/2023\/12\/Flamboyanes-1.png\" alt=\"Flamboyanes\" \/><\/figure>\n<figure><img decoding=\"async\" src=\"https:\/\/tavedesarrollos.com\/wp-content\/uploads\/2023\/12\/Tulipanes-1.png\" alt=\"Tulipanes\" \/><\/figure>\n<figure><img decoding=\"async\" src=\"https:\/\/tavedesarrollos.com\/wp-content\/uploads\/2023\/12\/turix-desarrollo.png\" alt=\"turix desarrollo\" \/><\/figure>\n<p>\t\t\t\t\t\t<svg aria-hidden=\"true\" viewBox=\"0 0 1000 1000\" xmlns=\"http:\/\/www.w3.org\/2000\/svg\"><path d=\"M646 125C629 125 613 133 604 142L308 442C296 454 292 471 292 487 292 504 296 521 308 533L604 854C617 867 629 875 646 875 663 875 679 871 692 858 704 846 713 829 713 812 713 796 708 779 692 767L438 487 692 225C700 217 708 204 708 187 708 171 704 154 692 142 675 129 663 125 646 125Z\"><\/path><\/svg><br \/>\n\t\t\t\t\t\t<svg aria-hidden=\"true\" viewBox=\"0 0 1000 1000\" xmlns=\"http:\/\/www.w3.org\/2000\/svg\"><path d=\"M696 533C708 521 713 504 713 487 713 471 708 454 696 446L400 146C388 133 375 125 354 125 338 125 325 129 313 142 300 154 292 171 292 187 292 204 296 221 308 233L563 492 304 771C292 783 288 800 288 817 288 833 296 850 308 863 321 871 338 875 354 875 371 875 388 867 400 854L696 533Z\"><\/path><\/svg>\t\t\t\t\t<\/p>\n<h2>Visi\u00f3n y Valor en Cada Metro Cuadrado<\/h2>\n<h2>CONTACTA A NUESTROS ASESORES<\/h2>\n<p>D\u00e9janos tus datos y conoce los detalles de nuestros proyectos, nuestro equipo de expertos te contactar\u00e1 en breve para brindarte la asesor\u00eda personalizada que necesitas. \u00a1Forma parte de la comunidad exclusiva de proyectos Tave!<\/p>\n","protected":false},"excerpt":{"rendered":"<p>Visi\u00f3n y Valor en Cada Metro Cuadrado Conoce nuestros proyectos inmobiliarios cuidadosamente seleccionados que ofrecen no solo rendimiento financiero, sino tambi\u00e9n una conexi\u00f3n \u00fanica con la historia y la belleza natural de Yucat\u00e1n. Conoce Tave ACERCA DE NOSOTROS CONOCE M\u00c1S DE TAVE DESARROLLOS Descubre el potencial ilimitado de tus inversiones en el coraz\u00f3n de Yucat\u00e1n [&hellip;]<\/p>\n","protected":false},"author":1,"featured_media":0,"parent":0,"menu_order":0,"comment_status":"closed","ping_status":"closed","template":"","meta":{"_joinchat":[],"footnotes":""},"class_list":["post-31","page","type-page","status-publish","hentry"],"_links":{"self":[{"href":"https:\/\/tavedesarrollos.com\/index.php\/wp-json\/wp\/v2\/pages\/31","targetHints":{"allow":["GET"]}}],"collection":[{"href":"https:\/\/tavedesarrollos.com\/index.php\/wp-json\/wp\/v2\/pages"}],"about":[{"href":"https:\/\/tavedesarrollos.com\/index.php\/wp-json\/wp\/v2\/types\/page"}],"author":[{"embeddable":true,"href":"https:\/\/tavedesarrollos.com\/index.php\/wp-json\/wp\/v2\/users\/1"}],"replies":[{"embeddable":true,"href":"https:\/\/tavedesarrollos.com\/index.php\/wp-json\/wp\/v2\/comments?post=31"}],"version-history":[{"count":99,"href":"https:\/\/tavedesarrollos.com\/index.php\/wp-json\/wp\/v2\/pages\/31\/revisions"}],"predecessor-version":[{"id":226,"href":"https:\/\/tavedesarrollos.com\/index.php\/wp-json\/wp\/v2\/pages\/31\/revisions\/226"}],"wp:attachment":[{"href":"https:\/\/tavedesarrollos.com\/index.php\/wp-json\/wp\/v2\/media?parent=31"}],"curies":[{"name":"wp","href":"https:\/\/api.w.org\/{rel}","templated":true}]}}